is the greatest common divisor of v and d?
13
Let w(u) = 31*u**2 + u. Let b(y) = y**3 - 5*y**2 + 5*y - 5. Let i be b(4). Let p be w(i). What is the highest common divisor of p and 270?
30
Suppose -2*k + 64 = -56. Let u = 36 - 12. Calculate the highest common factor of u and k.
12
Let h be (-3)/(3/(-2))*4. Let b be 1 - 6*(-4)/h. Calculate the greatest common divisor of 28 and b.
4
Suppose 5*y + w - 659 = 0, -3*y - y - 2*w = -526. Let o be 13 + 0 + -3 + 2. Calculate the greatest common divisor of y and o.
12
Let j(y) = 4*y - 2. Let v be j(4). Let h = -49 + 56. Calculate the greatest common divisor of h and v.
7
Suppose 3*w + 6 = -5*k + 28, 0 = -2*k + 5*w + 15. Suppose -k*d - 5 = -4*b + 46, -5*b + 90 = -d. What is the greatest common factor of 209 and b?
19
Let s = 168 + -40. What is the highest common divisor of s and 16?
16
Let n(c) = c**2 + c + 1. Let p be n(-3). Suppose -8*t = -4*t, -5*f + 4*t = -35. Calculate the greatest common divisor of f and p.
7
Let f be ((-30)/35*3)/(6/(-56)). What is the highest common divisor of 24 and f?
24
Suppose 4*f = k + 24, -3*f = f - 5*k - 8. What is the highest common divisor of 35 and f?
7
Let k(c) be the second derivative of -3*c**5/20 - c**2/2 + 2*c. Let q be k(-1). What is the highest common divisor of q and 8?
2
Let o(d) = -2*d**3 + 2*d**2 + d. Let r be o(2). Let a be 6/4*(-104)/r. What is the greatest common factor of 26 and a?
26
Let l = 51 - 24. Suppose -2*i = -8, -3*a + 5*i - 2*i = l. Let w(c) = -c**3 + c**2 + 5*c + 1. Let j be w(a). What is the highest common divisor of 14 and j?
14
Let w(t) = -2*t**3 + 10*t**2 - 4*t - 6. Let k be w(4). Calculate the greatest common divisor of 15 and k.
5
Let d be (6/18)/(1/30). Let a be (-2)/(-2)*1/1. Let g be -10*(22/(-2))/a. Calculate the greatest common factor of g and d.
10
Let r = 9 - -3. Suppose -5*i + 3*h = -34, -2*i + 28 = 2*i - 2*h. Calculate the highest common factor of i and r.
4
Let i(v) be the second derivative of -37*v**5/20 - v**4/4 + v**2/2 + 8*v. Let a be i(-1). Calculate the greatest common factor of 5 and a.
5
Let y be (0 - 3/9)*-12. Let n = y + 2. Let t = 3 - -63. Calculate the highest common factor of n and t.
6
Suppose 3*i - 350 = 13. Suppose -3*n + i = -0*j + j, -4*j = 2*n - 454. Calculate the greatest common divisor of 16 and j.
16
Let h = 29 + -40. Let i be (-1)/3 + 147/9 + -2. Let v = h + i. What is the greatest common divisor of 1 and v?
1
Suppose 2*u = -4*r + 438, 0 = 3*r - 2*u - 98 - 234. Suppose 2*l = 4*l - 20. What is the greatest common factor of l and r?
10
Let x be (7 - -2)/((-6)/(-4)). What is the greatest common factor of 18 and x?
6
Let g(s) = s**3 - 8*s**2 + s - 4. Let h be g(8). Suppose -3*o + 259 = h*d - 13, 2*o - 2*d = 172. What is the greatest common divisor of o and 8?
8
Let v(y) = 5*y + 21. Let c be v(-4). What is the highest common factor of c and 10?
1
Let j(k) = -k**2 - 3*k + 2. Let p(d) = -d**2 + 5*d + 3. Let z be p(6). Let g be j(z). Let l = -24 - -34. What is the highest common factor of g and l?
2
Let g(h) = 16*h - 7. Let c be g(-6). Let b(q) = -8*q + 5. Let x be b(6). Let z = x - c. What is the highest common factor of z and 6?
6
Suppose 5*q = 102 + 143. Calculate the greatest common divisor of 14 and q.
7
Let b = -17 - -23. Let p(l) = -l**3 + 6*l**2 + 3*l - 9. Let z be p(b). What is the highest common factor of z and 3?
3
Let s(h) = 44*h**3 + h. Let z be s(1). Calculate the highest common divisor of 5 and z.
5
Suppose 4*z + 24 = 8*z. Calculate the greatest common divisor of z and 42.
6
Suppose -5*a + 3*y + 105 = 0, -5*a + y + 95 = -0*y. Let w = -129 + 183. What is the highest common divisor of a and w?
18
Let r(q) = -q**3 + 7*q**2 + 4*q - 1. Let b be r(7). Calculate the greatest common divisor of b and 18.
9
Let q be (-63)/(-4) + (-1)/(-4). Suppose -3*n = -8*n + 120. What is the greatest common factor of q and n?
8
Let i = 33 + -28. What is the greatest common factor of i and 10?
5
Let w be -3 - (-107 + -1)/4. Let i(b) = b + 12. Let x be i(0). What is the highest common factor of w and x?
12
Suppose -16 = -4*z + 4*p, z = -3*z + 5*p + 14. Calculate the highest common factor of 8 and z.
2
Suppose -804 - 527 = -11*r. What is the highest common factor of 11 and r?
11
Suppose 0 = -3*g + 4*l + 283 + 163, 5*g = 4*l + 754. What is the greatest common divisor of g and 14?
14
Let s(k) = k**3 - 5*k**2 + k - 2. Let g be s(5). Suppose -g*o + 77 = -19. Suppose a = -a + o. Calculate the highest common divisor of 128 and a.
16
Let d = -9 - -29. What is the greatest common factor of 180 and d?
20
Suppose 4*z - 16 = 0, 3*r = 5*r + 3*z - 140. Let n = 5 - 13. Let o be -1 + 1 + (-64)/n. What is the greatest common factor of r and o?
8
Suppose -o + 4*g + 96 = 0, -3*o + 3*g = 6 - 258. Let c be ((-18)/9)/(1/(-8)). What is the highest common factor of c and o?
16
Let h(a) = -a**3 + 9*a**2 - 3*a + 4. Let r be h(7). Calculate the highest common divisor of 18 and r.
9
Let x(u) = -u**3 - 2*u**2 + 6*u - 4. Let q be x(-6). What is the greatest common factor of 13 and q?
13
Suppose -n + 2*y + 29 + 2 = 0, 0 = -4*n - y + 88. What is the greatest common divisor of 161 and n?
23
Suppose 6 = c - 0*c. What is the greatest common divisor of c and 18?
6
Suppose 2*g + 1 - 5 = 0. Suppose -g*l + 8 = -0*l. What is the highest common factor of 32 and l?
4
Let d = -112 - -202. Suppose -3*q - 18 + d = 0. Let o = 3 + 0. Calculate the highest common divisor of q and o.
3
Suppose 4*f = -d + 5*d - 656, -2*d - 3*f = -308. Calculate the greatest common factor of d and 20.
20
Suppose -3*s = 3*y - 795, 4*y + s + 263 = 5*y. Calculate the highest common divisor of 24 and y.
24
Suppose -y - 1 = 0, -3*y + 30 + 117 = -2*f. Let k = 129 + f. Calculate the greatest common factor of k and 18.
18
Suppose 0*d + d - 1 = 0. Let n be 0 + (9 - d)/(-2). Let w be (-2)/4 + (-18)/n. What is the greatest common factor of w and 8?
4
Suppose -5*w + 31 = 6. What is the greatest common divisor of w and 55?
5
Let x = 65 + -41. What is the greatest common divisor of x and 8?
8
Suppose 2*k - k + 20 = 0. Let r = 13 - k. What is the greatest common divisor of 3 and r?
3
Let w(o) = o**3 - 2*o**2 + o - 2. Let c(q) = -q**3 + q**2. Let z(a) = 3*c(a) + w(a). Let t be z(-2). Calculate the highest common factor of t and 64.
16
Suppose 6*s = 10*s - 48. Calculate the greatest common factor of 3 and s.
3
Let k be 15*(-5 - (-136)/6). Calculate the highest common divisor of k and 53.
53
Let d = 9 + -6. Suppose 0 = -4*q + 2*q - h + 8, -h = q - 3. Suppose 20 = 5*m + q. Calculate the highest common factor of d and m.
3
Let j = 1 - -1. Suppose -j*g - 4*f = -24, 4*f = 2*f - 6. Let w = g - 2. Calculate the greatest common divisor of w and 176.
16
Let b(t) = -16*t**3 - t**2 + t + 1. Let f be b(-1). What is the greatest common divisor of 165 and f?
15
Let t = 0 + 6. Let i = -10 + t. Let k = i - -8. What is the greatest common factor of k and 20?
4
Let w be ((-152)/(-12))/((-2)/3). Let k = -3 - w. Calculate the highest common divisor of k and 24.
8
Suppose 6*d = d + 35. Let v = -4 + d. Calculate the greatest common divisor of 1 and v.
1
Let u be (-543)/(-9) - 2/6. Let d = u - -21. What is the greatest common factor of d and 9?
9
Let r = -17 + 9. Let w(l) = -6*l - 2. Let c(t) = -5*t - 1. Let i(z) = 4*c(z) - 3*w(z). Let u be i(r). Calculate the greatest common divisor of 2 and u.
2
Let u = -95 - -149. What is the greatest common factor of u and 6?
6
Let u be (2/4)/((-1)/(-10)). Suppose 3*f - c = -3*c + 44, u*c = 5*f - 115. What is the highest common divisor of 27 and f?
9
Let x(d) = d**3 + 8*d**2 + 4*d - 4. Let h be x(-6). Suppose 0*n + 4*n + 3*s - h = 0, 0 = n + s - 10. What is the greatest common factor of n and 56?
14
Suppose -2*y + 5*b = -26, -2 = -b - 4. Let j(i) = -i**3 + 9*i**2 + 8. Let l be j(y). What is the greatest common divisor of l and 8?
8
Suppose 143 = 4*c - 37. What is the highest common divisor of 18 and c?
9
Suppose -10 = 3*p - 2*x, 4*p + 2*x + 1 = 11. Suppose p = -5*c + 15, c - 83 = 2*i - 6*i. What is the highest common factor of 140 and i?
20
Let m be 14/21 + 4/3. Suppose 2*h = -m*h + 24. Let s be 940/15 - (-2)/h. What is the highest common factor of 9 and s?
9
Let u(d) = 2*d - 16. Let m be u(11). Calculate the greatest common factor of 9 and m.
3
Suppose 2*k = 9*k - 77. What is the greatest c